{"id":30,"date":"2019-09-22T14:23:27","date_gmt":"2019-09-22T12:23:27","guid":{"rendered":"https:\/\/www.gerhardhuber.eu\/home\/?page_id=30"},"modified":"2021-01-29T18:45:55","modified_gmt":"2021-01-29T17:45:55","slug":"startseite","status":"publish","type":"page","link":"https:\/\/www.gerhardhuber.eu\/home\/","title":{"rendered":"MMag. Gerhard HUBER"},"content":{"rendered":"\t\t<div data-elementor-type=\"wp-page\" data-elementor-id=\"30\" class=\"elementor elementor-30\">\n\t\t\t\t\t\t<section class=\"elementor-section elementor-top-section elementor-element elementor-element-a671eca elementor-section-boxed elementor-section-height-default elementor-section-height-default\" data-id=\"a671eca\" data-element_type=\"section\">\n\t\t\t\t\t\t<div class=\"elementor-container elementor-column-gap-default\">\n\t\t\t\t\t<div class=\"elementor-column elementor-col-100 elementor-top-column elementor-element elementor-element-fe4ca78\" data-id=\"fe4ca78\" data-element_type=\"column\">\n\t\t\t<div class=\"elementor-widget-wrap\">\n\t\t\t\t\t\t\t<\/div>\n\t\t<\/div>\n\t\t\t\t\t<\/div>\n\t\t<\/section>\n\t\t\t\t<section class=\"elementor-section elementor-top-section elementor-element elementor-element-c46e7b3 elementor-section-boxed elementor-section-height-default elementor-section-height-default\" data-id=\"c46e7b3\" data-element_type=\"section\">\n\t\t\t\t\t\t<div class=\"elementor-container elementor-column-gap-default\">\n\t\t\t\t\t<div class=\"elementor-column elementor-col-33 elementor-top-column elementor-element elementor-element-2ba89c2\" data-id=\"2ba89c2\" data-element_type=\"column\">\n\t\t\t<div class=\"elementor-widget-wrap elementor-element-populated\">\n\t\t\t\t\t\t<div class=\"elementor-element elementor-element-9a214bf elementor-widget elementor-widget-text-editor\" data-id=\"9a214bf\" data-element_type=\"widget\" data-widget_type=\"text-editor.default\">\n\t\t\t\t<div class=\"elementor-widget-container\">\n\t\t\t\t\t\t\t<h3><strong>Herzlich Willkommen!<\/strong><\/h3><p>Ich bin seit 1989 Unternehmensberater mit Schwerpunkt Tourismus und seit 2005 Gerichtssachverst\u00e4ndiger. Mein Firmensitz ist in Tirol, meine Kunden kommen aber aus ganz \u00d6sterreich und den angrenzenden L\u00e4ndern in Europa.<\/p>\t\t\t\t\t\t<\/div>\n\t\t\t\t<\/div>\n\t\t\t\t<div class=\"elementor-element elementor-element-3d481fc elementor-widget elementor-widget-image\" data-id=\"3d481fc\" data-element_type=\"widget\" data-widget_type=\"image.default\">\n\t\t\t\t<div class=\"elementor-widget-container\">\n\t\t\t\t\t\t\t\t\t\t\t\t\t<img fetchpriority=\"high\" decoding=\"async\" width=\"768\" height=\"1152\" src=\"https:\/\/www.gerhardhuber.eu\/home\/wp-content\/uploads\/2019\/10\/Portrai_Huber-2-768x1152.jpg\" class=\"attachment-medium_large size-medium_large wp-image-114\" alt=\"\" srcset=\"https:\/\/www.gerhardhuber.eu\/home\/wp-content\/uploads\/2019\/10\/Portrai_Huber-2-768x1152.jpg 768w, https:\/\/www.gerhardhuber.eu\/home\/wp-content\/uploads\/2019\/10\/Portrai_Huber-2-200x300.jpg 200w, https:\/\/www.gerhardhuber.eu\/home\/wp-content\/uploads\/2019\/10\/Portrai_Huber-2-683x1024.jpg 683w\" sizes=\"(max-width: 768px) 100vw, 768px\" \/>\t\t\t\t\t\t\t\t\t\t\t\t\t<\/div>\n\t\t\t\t<\/div>\n\t\t\t\t\t<\/div>\n\t\t<\/div>\n\t\t\t\t<div class=\"elementor-column elementor-col-33 elementor-top-column elementor-element elementor-element-6396c73\" data-id=\"6396c73\" data-element_type=\"column\">\n\t\t\t<div class=\"elementor-widget-wrap elementor-element-populated\">\n\t\t\t\t\t\t<div class=\"elementor-element elementor-element-32dea73 elementor-widget elementor-widget-text-editor\" data-id=\"32dea73\" data-element_type=\"widget\" data-widget_type=\"text-editor.default\">\n\t\t\t\t<div class=\"elementor-widget-container\">\n\t\t\t\t\t\t\t<p>\u00a0<\/p><p>F\u00fcr weitere Information zu meinem T\u00e4tigkeitsbereich klicken Sie bitte auf die jeweiligen Logos.<\/p>\t\t\t\t\t\t<\/div>\n\t\t\t\t<\/div>\n\t\t\t\t<div class=\"elementor-element elementor-element-af383c7 elementor-widget elementor-widget-image\" data-id=\"af383c7\" data-element_type=\"widget\" data-widget_type=\"image.default\">\n\t\t\t\t<div class=\"elementor-widget-container\">\n\t\t\t\t\t\t\t\t\t\t\t\t\t\t<a href=\"https:\/\/www.tirol-consult.com\" target=\"_blank\">\n\t\t\t\t\t\t\t<img decoding=\"async\" width=\"300\" height=\"68\" src=\"https:\/\/www.gerhardhuber.eu\/home\/wp-content\/uploads\/2019\/06\/LOGO-2019-300x68.png\" class=\"attachment-medium size-medium wp-image-7\" alt=\"\" srcset=\"https:\/\/www.gerhardhuber.eu\/home\/wp-content\/uploads\/2019\/06\/LOGO-2019-300x68.png 300w, https:\/\/www.gerhardhuber.eu\/home\/wp-content\/uploads\/2019\/06\/LOGO-2019-768x173.png 768w, https:\/\/www.gerhardhuber.eu\/home\/wp-content\/uploads\/2019\/06\/LOGO-2019-1024x231.png 1024w, https:\/\/www.gerhardhuber.eu\/home\/wp-content\/uploads\/2019\/06\/LOGO-2019-1568x354.png 1568w\" sizes=\"(max-width: 300px) 100vw, 300px\" \/>\t\t\t\t\t\t\t\t<\/a>\n\t\t\t\t\t\t\t\t\t\t\t\t\t<\/div>\n\t\t\t\t<\/div>\n\t\t\t\t<div class=\"elementor-element elementor-element-43b4d56 elementor-widget-divider--view-line elementor-widget elementor-widget-divider\" data-id=\"43b4d56\" data-element_type=\"widget\" data-widget_type=\"divider.default\">\n\t\t\t\t<div class=\"elementor-widget-container\">\n\t\t\t\t\t<div class=\"elementor-divider\">\n\t\t\t<span class=\"elementor-divider-separator\">\n\t\t\t\t\t\t<\/span>\n\t\t<\/div>\n\t\t\t\t<\/div>\n\t\t\t\t<\/div>\n\t\t\t\t<div class=\"elementor-element elementor-element-9d46504 elementor-widget elementor-widget-image\" data-id=\"9d46504\" data-element_type=\"widget\" data-widget_type=\"image.default\">\n\t\t\t\t<div class=\"elementor-widget-container\">\n\t\t\t\t\t\t\t\t\t\t\t\t\t\t<a href=\"https:\/\/www.checkmybusiness.net\" target=\"_blank\">\n\t\t\t\t\t\t\t<img decoding=\"async\" width=\"300\" height=\"173\" src=\"https:\/\/www.gerhardhuber.eu\/home\/wp-content\/uploads\/2020\/04\/CMB.Logo_.2019-300x173.png\" class=\"attachment-medium size-medium wp-image-222\" alt=\"\" srcset=\"https:\/\/www.gerhardhuber.eu\/home\/wp-content\/uploads\/2020\/04\/CMB.Logo_.2019-300x173.png 300w, https:\/\/www.gerhardhuber.eu\/home\/wp-content\/uploads\/2020\/04\/CMB.Logo_.2019-1024x592.png 1024w, https:\/\/www.gerhardhuber.eu\/home\/wp-content\/uploads\/2020\/04\/CMB.Logo_.2019-768x444.png 768w, https:\/\/www.gerhardhuber.eu\/home\/wp-content\/uploads\/2020\/04\/CMB.Logo_.2019-1536x887.png 1536w, https:\/\/www.gerhardhuber.eu\/home\/wp-content\/uploads\/2020\/04\/CMB.Logo_.2019.png 1897w\" sizes=\"(max-width: 300px) 100vw, 300px\" \/>\t\t\t\t\t\t\t\t<\/a>\n\t\t\t\t\t\t\t\t\t\t\t\t\t<\/div>\n\t\t\t\t<\/div>\n\t\t\t\t<div class=\"elementor-element elementor-element-f08f6ad elementor-widget-divider--view-line elementor-widget elementor-widget-divider\" data-id=\"f08f6ad\" data-element_type=\"widget\" data-widget_type=\"divider.default\">\n\t\t\t\t<div class=\"elementor-widget-container\">\n\t\t\t\t\t<div class=\"elementor-divider\">\n\t\t\t<span class=\"elementor-divider-separator\">\n\t\t\t\t\t\t<\/span>\n\t\t<\/div>\n\t\t\t\t<\/div>\n\t\t\t\t<\/div>\n\t\t\t\t<div class=\"elementor-element elementor-element-014eb63 elementor-button-success elementor-align-center elementor-widget elementor-widget-button\" data-id=\"014eb63\" data-element_type=\"widget\" data-widget_type=\"button.default\">\n\t\t\t\t<div class=\"elementor-widget-container\">\n\t\t\t\t\t<div class=\"elementor-button-wrapper\">\n\t\t\t<a class=\"elementor-button elementor-button-link elementor-size-xl\" href=\"https:\/\/www.gerhardhuber.eu\/home\/online-seminare\/\">\n\t\t\t\t\t\t<span class=\"elementor-button-content-wrapper\">\n\t\t\t\t\t\t\t\t\t<span class=\"elementor-button-text\">Direkt zu den Online Seminaren<\/span>\n\t\t\t\t\t<\/span>\n\t\t\t\t\t<\/a>\n\t\t<\/div>\n\t\t\t\t<\/div>\n\t\t\t\t<\/div>\n\t\t\t\t<div class=\"elementor-element elementor-element-310bd45 elementor-widget-divider--view-line elementor-widget elementor-widget-divider\" data-id=\"310bd45\" data-element_type=\"widget\" data-widget_type=\"divider.default\">\n\t\t\t\t<div class=\"elementor-widget-container\">\n\t\t\t\t\t<div class=\"elementor-divider\">\n\t\t\t<span class=\"elementor-divider-separator\">\n\t\t\t\t\t\t<\/span>\n\t\t<\/div>\n\t\t\t\t<\/div>\n\t\t\t\t<\/div>\n\t\t\t\t<div class=\"elementor-element elementor-element-4b47728 elementor-widget elementor-widget-image\" data-id=\"4b47728\" data-element_type=\"widget\" data-widget_type=\"image.default\">\n\t\t\t\t<div class=\"elementor-widget-container\">\n\t\t\t\t\t\t\t\t\t\t\t\t\t\t<a href=\"https:\/\/www.gerhardhuber.eu\/home\/?page_id=66\">\n\t\t\t\t\t\t\t<img loading=\"lazy\" decoding=\"async\" width=\"164\" height=\"164\" src=\"https:\/\/www.gerhardhuber.eu\/home\/wp-content\/uploads\/2019\/12\/sv_logo_164.gif\" class=\"attachment-medium size-medium wp-image-206\" alt=\"\" \/>\t\t\t\t\t\t\t\t<\/a>\n\t\t\t\t\t\t\t\t\t\t\t\t\t<\/div>\n\t\t\t\t<\/div>\n\t\t\t\t\t<\/div>\n\t\t<\/div>\n\t\t\t\t<div class=\"elementor-column elementor-col-33 elementor-top-column elementor-element elementor-element-d799be7\" data-id=\"d799be7\" data-element_type=\"column\">\n\t\t\t<div class=\"elementor-widget-wrap elementor-element-populated\">\n\t\t\t\t\t\t<div class=\"elementor-element elementor-element-21ba5ae elementor-widget elementor-widget-shortcode\" data-id=\"21ba5ae\" data-element_type=\"widget\" data-widget_type=\"shortcode.default\">\n\t\t\t\t<div class=\"elementor-widget-container\">\n\t\t\t\t\t<div class=\"elementor-shortcode\"><pre class=\"ti-widget\"><div class=\"ti-widget ti-goog\" data-no-translation=\"true\" data-layout-id=\"9\" data-set-id=\"soft\" data-pid=\"\" data-language=\"de\" > <div class=\"ti-widget-container\"> <div class=\"ti-reviews-container\"> <div class=\"ti-footer source-Google\"> <div class=\"ti-rating-text\"> <strong class=\"ti-rating\"> Ausgezeichnet <\/strong> <\/div> <span class=\"ti-stars star-lg\"> <span class=\"ti-star f\"><\/span><span class=\"ti-star f\"><\/span><span class=\"ti-star f\"><\/span><span class=\"ti-star f\"><\/span><span class=\"ti-star f\"><\/span> <\/span> <div class=\"ti-rating-text\"> <span class=\"nowrap\">Basierend auf <strong>7 Bewertungen<\/strong><\/span> <\/div> <div class=\"ti-large-logo\"> <div class=\"ti-v-center\"> <img loading=\"lazy\" decoding=\"async\" class=\"ti-logo-fb\" src=\"https:\/\/cdn.trustindex.io\/assets\/platform\/Google\/logo.svg\" width=\"150\" height=\"25\" alt=\"Google\" \/> <\/div> <\/div> <\/div> <div class=\"ti-reviews-container-wrapper\">  <div data-empty=\"0\" class=\"ti-review-item source-Google\" > <div class=\"ti-inner\"> <div class=\"ti-review-header\"> <div class=\"ti-profile-img\"> <img decoding=\"async\" src=\"https:\/\/lh4.googleusercontent.com\/-isjhCapoa6U\/AAAAAAAAAAI\/AAAAAAAAAAA\/AMZuucnU_tQbaprwMEMv8yvtjqbA9UUaRw\/c-rp-w64-h64\/photo.jpg\" alt=\"Laura \u00d6lhafen\" \/> <\/div> <div class=\"ti-profile-details\"> <div class=\"ti-name\"> Laura \u00d6lhafen <\/div> <div class=\"ti-date\">2021-01-26<\/div> <\/div> <\/div> <span class=\"ti-stars\"><span class=\"ti-star f\"><\/span><span class=\"ti-star f\"><\/span><span class=\"ti-star f\"><\/span><span class=\"ti-star f\"><\/span><span class=\"ti-star f\"><\/span><\/span> <div class=\"ti-review-content\"> <div class=\"ti-review-text-container ti-inner\"><!-- R-CONTENT -->Ich durfte Herrn Huber im Rahmen meiner Ausbildung zur Tourismuskauffrau kennen lernen. Im Zuge des Aufbaus unserer Selbstst\u00e4ndigkeit war f\u00fcr mich klar, dass ich bei Herrn Huber professionelle, verst\u00e4ndliche und hilfreiche Antworten auf all meine vielen Fragen bekommen w\u00fcrde. Ich sch\u00e4tze an ihm insbesondere seine klare Struktur, Verl\u00e4sslichkeit, Erreichbar- sowie Ehrlichkeit. Ich w\u00fcrde mit egal welchen Fragen oder H\u00fcrden, die sich im Alltag einer\/eines UnternehmerIn auftun k\u00f6nnen, immer wieder den Kontakt zu Herrn Huber suchen.<!-- R-CONTENT --><\/div> <span class=\"ti-read-more\" data-container=\".ti-review-content .ti-inner\" data-collapse-text=\"Ausblenden\" data-open-text=\"Weiterlesen\" ><\/span> <\/div> <\/div> <\/div>  <div data-empty=\"0\" class=\"ti-review-item source-Google\" > <div class=\"ti-inner\"> <div class=\"ti-review-header\"> <div class=\"ti-profile-img\"> <img decoding=\"async\" src=\"https:\/\/lh6.googleusercontent.com\/-UIrr7MgE0Jw\/AAAAAAAAAAI\/AAAAAAAAAAA\/AMZuucm23u2uN-wHUpqfpHQw7zBkrSsKSw\/c-rp-w64-h64\/photo.jpg\" alt=\"Susanna Begher\" \/> <\/div> <div class=\"ti-profile-details\"> <div class=\"ti-name\"> Susanna Begher <\/div> <div class=\"ti-date\">2021-01-23<\/div> <\/div> <\/div> <span class=\"ti-stars\"><span class=\"ti-star f\"><\/span><span class=\"ti-star f\"><\/span><span class=\"ti-star f\"><\/span><span class=\"ti-star f\"><\/span><span class=\"ti-star f\"><\/span><\/span> <div class=\"ti-review-content\"> <div class=\"ti-review-text-container ti-inner\"><!-- R-CONTENT -->Bemerkenswerte Online-Seminare f\u00fcr touristische Anbieter: betriebswirtschaftliche Grundlagen - einfach erkl\u00e4rt!\nEndlich Schluss mit der Angst vor Kostenrechnung und Betriebswirtschaft -  Kann ich nur empfehlen!!!<!-- R-CONTENT --><\/div> <span class=\"ti-read-more\" data-container=\".ti-review-content .ti-inner\" data-collapse-text=\"Ausblenden\" data-open-text=\"Weiterlesen\" ><\/span> <\/div> <\/div> <\/div>  <div data-empty=\"0\" class=\"ti-review-item source-Google\" > <div class=\"ti-inner\"> <div class=\"ti-review-header\"> <div class=\"ti-profile-img\"> <img decoding=\"async\" src=\"https:\/\/lh3.googleusercontent.com\/a-\/AOh14GikdAiXco1suoVdh8lyjT3EQ_gn2aIHzkaQgG7RAw=c-rp-w64-h64\" alt=\"Andr\u00e9 Cis\" \/> <\/div> <div class=\"ti-profile-details\"> <div class=\"ti-name\"> Andr\u00e9 Cis <\/div> <div class=\"ti-date\">2021-01-22<\/div> <\/div> <\/div> <span class=\"ti-stars\"><span class=\"ti-star f\"><\/span><span class=\"ti-star f\"><\/span><span class=\"ti-star f\"><\/span><span class=\"ti-star f\"><\/span><span class=\"ti-star f\"><\/span><\/span> <div class=\"ti-review-content\"> <div class=\"ti-review-text-container ti-inner\"><!-- R-CONTENT -->\"Beratungen\", wie man sie sich im besten Falle vorstellen darf.\nWeder abgedroschene Lehrbuch-Weisheiten, noch in phantastische abgleitende Utopismen. Herr Huber ist \"nahe am Unternehmer\/in\", emphatisch wie hoch-professionell.\nZu guter Letzt soll auch die Ratio von Preis zu Leistung ausgesprochen gew\u00fcrdigt werden. Gute Leistung darf und muss etwas kosten; wenn die erbrachte \"Leistung\" \/ der Einsatz \u00fcberdies so qualitativ hochwertig und gleichzeitig \"leistbar\" ist, umso erfreulicher f\u00fcr den Unternehmer.\nJederzeit gerne wieder; bei Gerhard Huber sind Sie gut beraten.<!-- R-CONTENT --><\/div> <span class=\"ti-read-more\" data-container=\".ti-review-content .ti-inner\" data-collapse-text=\"Ausblenden\" data-open-text=\"Weiterlesen\" ><\/span> <\/div> <\/div> <\/div>  <div data-empty=\"0\" class=\"ti-review-item source-Google\" > <div class=\"ti-inner\"> <div class=\"ti-review-header\"> <div class=\"ti-profile-img\"> <img decoding=\"async\" src=\"https:\/\/lh3.googleusercontent.com\/-QkTSHGPd0yw\/AAAAAAAAAAI\/AAAAAAAAAAA\/AMZuuck2ZykwMEPjaDCiXJ9LOt8-7GVwGQ\/c-rp-w64-h64\/photo.jpg\" alt=\"Birgit Gengel\" \/> <\/div> <div class=\"ti-profile-details\"> <div class=\"ti-name\"> Birgit Gengel <\/div> <div class=\"ti-date\">2021-01-22<\/div> <\/div> <\/div> <span class=\"ti-stars\"><span class=\"ti-star f\"><\/span><span class=\"ti-star f\"><\/span><span class=\"ti-star f\"><\/span><span class=\"ti-star f\"><\/span><span class=\"ti-star f\"><\/span><\/span> <div class=\"ti-review-content\"> <div class=\"ti-review-text-container ti-inner\"><!-- R-CONTENT -->Herr Huber ist das Beste was uns passieren konnte! Dank seiner absolut professionellen und sehr h\u00f6flichen  Art und Weise in Bezug auf Beratung, Verhandlungen und Vorbereitungen sind wir ohne Probleme zur unseren Selbst\u00e4ndigkeit gekommen und wurden auch nach Beendigung der Beratung bei noch auftretenden Fragen sehr nett informiert.\nAbsolut empfehlenswert!<!-- R-CONTENT --><\/div> <span class=\"ti-read-more\" data-container=\".ti-review-content .ti-inner\" data-collapse-text=\"Ausblenden\" data-open-text=\"Weiterlesen\" ><\/span> <\/div> <\/div> <\/div>  <div data-empty=\"0\" class=\"ti-review-item source-Google\" > <div class=\"ti-inner\"> <div class=\"ti-review-header\"> <div class=\"ti-profile-img\"> <img decoding=\"async\" src=\"https:\/\/lh3.googleusercontent.com\/a-\/AOh14GhRa-vDRq27elEYKvY5a7WDbZwx429Tz5Cw9zNWuw=c-rp-w64-h64\" alt=\"Timo Zinkgraf\" \/> <\/div> <div class=\"ti-profile-details\"> <div class=\"ti-name\"> Timo Zinkgraf <\/div> <div class=\"ti-date\">2021-01-19<\/div> <\/div> <\/div> <span class=\"ti-stars\"><span class=\"ti-star f\"><\/span><span class=\"ti-star f\"><\/span><span class=\"ti-star f\"><\/span><span class=\"ti-star f\"><\/span><span class=\"ti-star f\"><\/span><\/span> <div class=\"ti-review-content\"> <div class=\"ti-review-text-container ti-inner\"><!-- R-CONTENT -->Herr Huber hat uns beim Gr\u00fcndungsprozess unserer Firma betreut und stand uns jederzeit mit Rat und Tat zur Seite. Wir konnten enorm von seiner Erfahrung profitieren und haben so, gerade in der Anfangsphase, viele Fehler und Probleme vermeiden k\u00f6nnen. Durch seine strukturierte und praxisorientierte Herangehensweise wurde so bereits vor der eigentlichen Gr\u00fcndung das Fundament f\u00fcr ein erfolgreiches Unternehmen gelegt und wir verlassen uns seither auf seine Expertise. Auch den pers\u00f6nlichen und unkomplizierten Umgang sch\u00e4tzen wir sehr.<!-- R-CONTENT --><\/div> <span class=\"ti-read-more\" data-container=\".ti-review-content .ti-inner\" data-collapse-text=\"Ausblenden\" data-open-text=\"Weiterlesen\" ><\/span> <\/div> <\/div> <\/div>  <\/div>  <\/div> <\/div> <\/div> <\/pre><\/div>\n\t\t\t\t<\/div>\n\t\t\t\t<\/div>\n\t\t\t\t\t<\/div>\n\t\t<\/div>\n\t\t\t\t\t<\/div>\n\t\t<\/section>\n\t\t\t\t<section class=\"elementor-section elementor-top-section elementor-element elementor-element-16d5b29 elementor-section-boxed elementor-section-height-default elementor-section-height-default\" data-id=\"16d5b29\" data-element_type=\"section\">\n\t\t\t\t\t\t<div class=\"elementor-container elementor-column-gap-default\">\n\t\t\t\t\t<div class=\"elementor-column elementor-col-100 elementor-top-column elementor-element elementor-element-45744ef\" data-id=\"45744ef\" data-element_type=\"column\">\n\t\t\t<div class=\"elementor-widget-wrap\">\n\t\t\t\t\t\t\t<\/div>\n\t\t<\/div>\n\t\t\t\t\t<\/div>\n\t\t<\/section>\n\t\t\t\t<\/div>\n\t\t","protected":false},"excerpt":{"rendered":"<p>Herzlich Willkommen! Ich bin seit 1989 Unternehmensberater mit Schwerpunkt Tourismus und seit 2005 Gerichtssachverst\u00e4ndiger. Mein Firmensitz ist in Tirol, meine Kunden kommen aber aus ganz \u00d6sterreich und den angrenzenden L\u00e4ndern in Europa. \u00a0 F\u00fcr weitere Information zu meinem T\u00e4tigkeitsbereich klicken Sie bitte auf die jeweiligen Logos. Direkt zu den Online Seminaren<\/p>\n","protected":false},"author":1,"featured_media":0,"parent":0,"menu_order":0,"comment_status":"closed","ping_status":"closed","template":"","meta":{"_monsterinsights_skip_tracking":false,"_monsterinsights_sitenote_active":false,"_monsterinsights_sitenote_note":"","_monsterinsights_sitenote_category":0,"ocean_post_layout":"full-screen","ocean_both_sidebars_style":"","ocean_both_sidebars_content_width":0,"ocean_both_sidebars_sidebars_width":0,"ocean_sidebar":"0","ocean_second_sidebar":"0","ocean_disable_margins":"enable","ocean_add_body_class":"","ocean_shortcode_before_top_bar":"","ocean_shortcode_after_top_bar":"","ocean_shortcode_before_header":"","ocean_shortcode_after_header":"","ocean_has_shortcode":"","ocean_shortcode_after_title":"","ocean_shortcode_before_footer_widgets":"","ocean_shortcode_after_footer_widgets":"","ocean_shortcode_before_footer_bottom":"","ocean_shortcode_after_footer_bottom":"","ocean_display_top_bar":"on","ocean_display_header":"on","ocean_header_style":"","ocean_center_header_left_menu":"0","ocean_custom_header_template":"0","ocean_custom_logo":0,"ocean_custom_retina_logo":0,"ocean_custom_logo_max_width":0,"ocean_custom_logo_tablet_max_width":0,"ocean_custom_logo_mobile_max_width":0,"ocean_custom_logo_max_height":0,"ocean_custom_logo_tablet_max_height":0,"ocean_custom_logo_mobile_max_height":0,"ocean_header_custom_menu":"0","ocean_menu_typo_font_family":"0","ocean_menu_typo_font_subset":"","ocean_menu_typo_font_size":0,"ocean_menu_typo_font_size_tablet":0,"ocean_menu_typo_font_size_mobile":0,"ocean_menu_typo_font_size_unit":"px","ocean_menu_typo_font_weight":"","ocean_menu_typo_font_weight_tablet":"","ocean_menu_typo_font_weight_mobile":"","ocean_menu_typo_transform":"","ocean_menu_typo_transform_tablet":"","ocean_menu_typo_transform_mobile":"","ocean_menu_typo_line_height":0,"ocean_menu_typo_line_height_tablet":0,"ocean_menu_typo_line_height_mobile":0,"ocean_menu_typo_line_height_unit":"","ocean_menu_typo_spacing":0,"ocean_menu_typo_spacing_tablet":0,"ocean_menu_typo_spacing_mobile":0,"ocean_menu_typo_spacing_unit":"","ocean_menu_link_color":"","ocean_menu_link_color_hover":"","ocean_menu_link_color_active":"","ocean_menu_link_background":"","ocean_menu_link_hover_background":"","ocean_menu_link_active_background":"","ocean_menu_social_links_bg":"","ocean_menu_social_hover_links_bg":"","ocean_menu_social_links_color":"","ocean_menu_social_hover_links_color":"","ocean_disable_title":"on","ocean_disable_heading":"default","ocean_post_title":"","ocean_post_subheading":"","ocean_post_title_style":"","ocean_post_title_background_color":"","ocean_post_title_background":0,"ocean_post_title_bg_image_position":"","ocean_post_title_bg_image_attachment":"","ocean_post_title_bg_image_repeat":"","ocean_post_title_bg_image_size":"","ocean_post_title_height":0,"ocean_post_title_bg_overlay":0.5,"ocean_post_title_bg_overlay_color":"","ocean_disable_breadcrumbs":"default","ocean_breadcrumbs_color":"","ocean_breadcrumbs_separator_color":"","ocean_breadcrumbs_links_color":"","ocean_breadcrumbs_links_hover_color":"","ocean_display_footer_widgets":"on","ocean_display_footer_bottom":"on","ocean_custom_footer_template":"0","footnotes":""},"_links":{"self":[{"href":"https:\/\/www.gerhardhuber.eu\/home\/wp-json\/wp\/v2\/pages\/30"}],"collection":[{"href":"https:\/\/www.gerhardhuber.eu\/home\/wp-json\/wp\/v2\/pages"}],"about":[{"href":"https:\/\/www.gerhardhuber.eu\/home\/wp-json\/wp\/v2\/types\/page"}],"author":[{"embeddable":true,"href":"https:\/\/www.gerhardhuber.eu\/home\/wp-json\/wp\/v2\/users\/1"}],"replies":[{"embeddable":true,"href":"https:\/\/www.gerhardhuber.eu\/home\/wp-json\/wp\/v2\/comments?post=30"}],"version-history":[{"count":70,"href":"https:\/\/www.gerhardhuber.eu\/home\/wp-json\/wp\/v2\/pages\/30\/revisions"}],"predecessor-version":[{"id":1101,"href":"https:\/\/www.gerhardhuber.eu\/home\/wp-json\/wp\/v2\/pages\/30\/revisions\/1101"}],"wp:attachment":[{"href":"https:\/\/www.gerhardhuber.eu\/home\/wp-json\/wp\/v2\/media?parent=30"}],"curies":[{"name":"wp","href":"https:\/\/api.w.org\/{rel}","templated":true}]}}